1) + (-750 - -738) + (67 - 0)?
55
What is the value of (-239 + 242 - (-1 - (-3 - 5))) + -40?
-44
What is the value of -7 - ((0 - 16) + 30) - -24?
3
What is -11 + 103 + -27 - 52?
13
Evaluate -116 - (-178 - -70) - 1.
-9
What is the value of -47 - -26 - -36 - -31 - -38?
84
Evaluate 0 + 37 + ((8 - 8) + -15 - -25) + -20.
27
What is the value of (-34 - (-32 - 18)) + -23 - (67 - 3)?
-71
What is the value of 61 + -30 - 68 - 55 - (-21 - -1)?
-72
Calculate 7 + (-18 + -3 - -4 - -8).
-2
What is the value of (38 - (-71 + 82)) + -118?
-91
What is the value of -31 + 19 - (-21 - -8) - 42?
-41
Calculate (4 - 0) + 57 + -47 + (-4 - 1).
9
47 + (-31 - -5) + 5 + (-99 - -142)
69
Evaluate 12 + 0 + 16 + (-13 + -15 + -1 - -15).
14
Calculate 1 + 67 + (28 - ((32 - 9) + 17)).
56
Calculate 2 + (-28 - 8) + 25 - 21.
-30
Evaluate (-1 - 0 - -56) + (234 - 431 - -205).
63
3 - 1 - (-10 + (-7 - -31) + 1 - -11)
-24
What is (-1 - 4) + (25 - (13 + -3)) - (-190 - -197)?
3
Evaluate -259 - -274 - (-14 + 10 - 41).
60
What is the value of -52 - (96 - 168) - (87 - (4 - 0))?
-63
Evaluate -2 - 5 - (25 + -27 + -104 + 39).
60
Evaluate (1 - -7) + (0 + 82 - (444 + -409)).
55
What is 26 + (-79 - 1 - (762 - 733))?
-83
What is the value of -1 + 109 + (-1 - -1) + -38 + 23?
93
What is (-6 + -43 - -18) + -3?
-34
-39 + (13 - -13) - (-4 - ((78 - -5) + 1))
75
Evaluate 24 + (-104 - (-122 - 3)).
45
Calculate -13 - (65 + (-42 - 7)).
-29
Calculate -4 + 105 - (221 - 185).
65
Evaluate (4 - 10 - (19 - 7)) + (-7 - -20) + -5.
-10
What is -11 + -31 + 62 + 7?
27
What is (57 + -14 - 23) + -17 + 95 + -8?
90
21 + (-44 - 55) - -15
-63
What is (2 - 7) + (-24 + 71 + -23 - 16)?
3
Calculate 61 + 1 - (-2099 + 2016).
145
Calculate -29 + (-104 + 293 - 28).
132
What is the value of (-83 - -33 - 39) + 46?
-43
What is the value of -67 - (4 + -5 + 34)?
-100
-17 - (-15 + -13 - -6 - 13)
18
Calculate 17 + (-57 - (64 + -60)).
-44
-7 + -9 + (0 - (-87 - -10))
61
What is (-13 + 19 + 4 - (-84 + 0)) + -15?
79
What is the value of -7 + -1 + (-28 - (14 + 33 + -150)) + -22?
45
-46 + -13 - ((-5 - -19) + 5)
-78
What is the value of (-4 - (39 - 34) - (-9 + 1)) + 27?
26
What is the value of (-4 - 2 - 0) + (24 + -38 - -23)?
3
(4 - 0) + -4 - -3 - (-37 + 29) - 68
-57
What is the value of -33 - -29 - -8 - 44?
-40
What is -32 + (1 - 2) - (-792 + 715)?
44
-15 + -4 - (235 + -230)
-24
What is (-9 - 0 - -30 - (-10 - -24)) + 9?
16
What is (-94 - (-89 + 16)) + (0 - 27)?
-48
Calculate (-42 - -35) + (-23 + 3 - -7).
-20
Evaluate -119 + -33 + (-27 - -73).
-106
What is the value of -20 + (-1 + -2 - (-357 + 343)) - 20?
-29
Calculate -10 - (-6 - 14) - (2 - 27).
35
What is -4 - -4 - (-3 - 0) - (-578 - -559)?
22
39 + 0 + 2 + 32 + -82 + 51
42
Calculate 10 - (8 - (-2 - -3 - -9)) - (2 - -98).
-88
What is the value of (-1 - -8) + 26 + -4 + -38?
-9
Calculate 161 - (-11 + -65 + 149).
88
Evaluate (87 - (-42 - -147)) + 23.
5
Calculate (-58 - (-134 - -52)) + -52.
-28
Calculate 101 + -10 + -62 + (-1 - 12).
16
What is the value of 1 - (6 - (2 - 2)) - (244 + -187)?
-62
What is the value of 0 - -8 - (-15 + (4 - -1) + 14)?
4
What is the value of 20 + (74 - 129) - -60?
25
Evaluate -13 + (-9 - -28 - 9 - (-14 - -11)).
0
What is 41 - (40 - (-23 + 40))?
18
What is the value of 9 + (-4 - (-40 - -22) - 35)?
-12
What is the value of -19 + 23 + (1 - 6) + (-29 - -35) + -57?
-52
What is -57 - 0 - 37 - -174?
80
Evaluate -12 - (2 + -14 + 3 - (355 - 353)).
-1
What is (-72 - (31 - 57)) + 4?
-42
Calculate 33 + 22 - (-6 - -87).
-26
Calculate 28 + (54 - (-8 - (13 + -47))).
56
Evaluate -41 - 1 - (-26 - -20) - (3 - (11 + -6)).
-34
Evaluate -62 - ((13 - (-21 - -40)) + (4 - 1) + -10).
-49
Evaluate -9 + (20 + -45 + 39 - -24).
29
Calculate 46 + -2 + (75 - 109).
10
What is -570 + 509 + (2 - -119)?
60
What is the value of (36 - -16) + -69 + 25?
8
Calculate (-32 - 56) + (-205 - -407).
114
Calculate 70 - ((0 + 7 + -316 + 310 - -11) + -21).
79
What is the value of 47 - (14 - 9) - ((-5 - -3) + 8 - -4)?
32
10 + 11 + 1 + -60 + -6
-44
Calculate -21 + (-44 - -38) - (12 - 10).
-29
51 + 34 + -49 + (3 - -14) + -10
43
Evaluate -7 - 3 - (-15 - (16 + (-55 - 6))).
-40
What is 1 - (-55 - -15 - -5 - (7 + 1))?
44
Calculate -74 - (14 + -5 - 10 - (8 + 1)) - -4.
-60
Evaluate 61 - (-3 + -47) - 36.
75
Evaluate -4 - ((-16 - (23 - 53)) + (-25 - -9)).
-2
Evaluate 82 + 15 + (15 - 58).
54
What is -49 - -40 - (4 + 10 + -2)?
-21
What is (79 - 9) + -74 - (1 + 0 + 41)?
-46
What is the value of 9 - (-17 + 1 + 13) - (1 + 3 + 15)?
-7
What is (48 - 55 - (31 - 7)) + -16?
-47
What is the value of (63 - 75) + 6 + -16 + 6?
-16
Evaluate 22 + 1 + -78 + 90.
35
Evaluate 17 + -17 + (-1 - -11) + (65 - (-4 - -9)).
70
Evaluate (-69 - -64) + 27 + (-9 - 0).
13
Calculate (-40 - (-5 - 13) - (-9 - 4)) + 45 + -6.
30
Evaluate (12 - (106 + -38 + -37)) + 4.
-15
(-13 - (21 + 1)) + 17 - -13
-5
What is 700 - 617 - (-1 - (2 + -20))?
66
Calculate -14 - ((14 - 0) + -15 - (12 - 0)).
-1
What is -10 - (-275 - -291 - (3 - -22))?
-1
Calculate 12 + -13 + (-1 + -3 - (9 + -39 - 9)).
34
Evaluate 8 - (-18 + (-1 - -24) + 17).
-14
Evaluate -29 + -38 + 326 + -133.
126
Evaluate (-7 - 1) + 2 + 15 + (423 - 391).
41
What is the value of -394 + 389 + (-5 - -2)?
-8
Calculate -22 + -10 + -52 + 12 + -39.
-111
What is the value of -94 + 3 + (-18 + -105 - -112)?
-102
Calculate (16 + -2 + -5 - 16) + (9 - (-6 + -8)).
16
-2 - (5 - (-8 - -19) - -53) - 9
-58
What is 2 - -1 - (2 + 14 - 12 - -65) - -7?
-59
What is 65 + (-130 - (-56 + 51))?
-60
What is the value of -253 - (-216 + 105) - -148?
6
Evaluate -507 + 453 + (2 - -74) - (-109 - -1).
130
What is the value of 100 + (-28 - 21) + -47?
4
What is the value of (234 + -282 - (1 + -113)) + (0 - 10) + -1?
53
What is the value of (-2 - (-3 + 1)) + -17 - (466 + -467)?
-16
Evaluate -169 + 188 - (-2 - (-4 - (4 - -2))).
11
35 + -22 - 22 - (3 - 6 - -34)
-40
What is the value of 46 + -1 - (-836 - -902)?
-21
Calculate 13 - 0 - (-304 - -283) - (15 - 3).
22
(-6 - (-13 - (-9 + -6))) + -2 + 43
33
-63 + 1 - ((326 - 73) + -268)
-47
What is 96 + 16 + (70 - 215)?
-33
Evaluate (27 + -37 - 1) + (-27 - (-4 - -7)) + 0.
-41
Evaluate 94 - (11 - -123) - 16.
-56
What is 4 - (-4 + 0 + -21 + 34)?
-5
What is (-31 - 28) + (-8 - -6 - -7 - -3 - 12)?
-63
What is the value of (-29 - -45) + -3 - (-2 - 51)?
66
((0 - (16 - 13)) + (-1 - -5) - 0) + 10
11
What is the value of -13 - ((1 - -48) + (-141 - -122))?
-43
Calculate -56 + 176 + -66 + 2 + 3.
59
What is 35568 + -35568 - (0 + (-2 - -35))?
-33
What is the value of 10 + -35 + 67 + -32 + -13 + 2 + 19?
18
What is 992 + -1110 - (-40 + -4 - 0)?
-74
(7 - (-2 - -65)) + (228 - 200)
-28
Calculate 3 + (12 - (-21 - -12 - -9)).
15
Evaluate -26 - (17 + (6 - (36 + -8))).
-21
(45 + -105 + 70 - -40) + (-1 + 0 - -1)
50
-62 + 285 + -87 - 143
-7
5 + 21 + -87 - -28 - -118
85
Calculate -41 - -20 - -44 - -2.
25
What is the value of -127 - (31 + (-87 - -24) + 4)?
-99
13 - 51 - (133 - 100)
-71
Calculate (-17 + -6 + 11 - (73 - 72)) + -1 + -54.
-68
5 + (-1 - 1) - (-3006 + 3012)
-3
What is the value of -91 - (8 + (-11 - (-5 + -6)) + -15)?
-84
Calculate (-12 - 3 - 52) + (-155 - -164).
-58
What is 116 + -45 + 15 + -5?
81
Calculate (17 - (-3 + 2 - -8)) + (-48 - (-1 + 6)).
-43
Calculate -23 - -51 - 71 - (-10 - -40).
-73
What is the value of (-4 - 4 - (-45 + 31) - 10) + 1 + -19?
-22
Evaluate 94 - (55 + (-19 - -3) + -13).
68
What is the value of (1 - 4) + 10 + -7 + (-36 + -35 - -56)?
-15
Evaluate -5 + 3 + 6 + (91 - 80) + (-1 - 1).
13
What is the value of 13 - -7 - (-30 + 16 - -24)?
10
Evaluate (-3 - 48 - 0) + (-513 - -525).
-39
Evaluate (-6 + 17 - 28) + -55 + 36.
-36
-97 - (17 - 25 - 22)
-67
Calculate -24 - (-11 - 19 - -10) - (-3 - -5).
-6
What is 19 + (-90 - -40) - -150?
119
Calculate (391 - 408) + (2 - (-52 + 4)) - (6 + 0).
27
Evaluate 58 + -81 - (-3 + (2 + -3 - (-1 - -4))).
-16
What is the value of (196 - 3) + -199 + (-1 + 1 - (-18 + -1))?
13
What is 8 - (-2 - -47 - ((-30 - -24) + 0))?
-43
What is the value of 91 - (-23 + (90 - 41 - 50))?
115
What is 126 - -1 - (2249 - 2231)?
109
Calculate 68 + (-104 + 28 - -63).
55
Calculate -41 + (56 - 25) + -56.
-66
Evaluate -3 + 5 - 1 - (-23 - (-2 + (10 - 8))).
24
Evaluate (20 - 6) + 1 + 5 - 8 - -2.
14
What is the value of -20 - (15 - ((-9 - -13) + -14 + 11)) - 14?
-48
Evaluate (-24 - -2 - -9 - -9) + -6 + 29.
19
What i